-q*s - 9 = -10*s. What are the prime factors of s?
3
Let d(b) = -b**3 - 7*b**2 + 7*b - 23. Let x be d(-13). Suppose -x = -7*k - 95. What are the prime factors of k/2*2/5?
23
Suppose -207*j + 4437563 = -1011091. What are the prime factors of j?
2, 3, 41, 107
Let b = 1571 - -1871. Suppose 2*n - 1377 = j, 11*n - 16*n + 2*j = -b. List the prime factors of n.
2, 43
Let a(u) = 2*u - 23. Let p be a(13). List the prime factors of (p + (-42)/12)/((-1)/730).
5, 73
List the prime factors of (-32258)/(-28) + ((-2704)/224 - -12).
2, 3
Suppose 0*h = 122*h - 7942932. List the prime factors of h.
2, 3, 3617
Let z(n) = n**3 + 6*n**2 - 16. Let x be z(-4). Suppose 14*d + 2512 = x*d. List the prime factors of d.
2, 157
Suppose -3*g + 14 + 40 = 0. Let q(n) = -32*n**2 - n**3 + 0 - 3*n - 12 + 51*n**2 - 8*n. What are the prime factors of q(g)?
2, 3, 19
Let s(l) = -3. Let v(z) = -100*z + 230. Let m(a) = -8*s(a) + v(a). List the prime factors of m(-7).
2, 3, 53
Let y = 37348 + -20235. What are the prime factors of y?
109, 157
Let n(l) = -l**3 + 23*l**2 - 21*l - 18. Let d be n(22). Let t = 136 + d. Suppose -3*s + 222 = p, 13 + t = 2*s - p. What are the prime factors of s?
3, 5
Suppose 0*l = 4*l - 3*l. Suppose 0 = -l*g - g. Suppose -9*b + 360 + 333 = g. What are the prime factors of b?
7, 11
Let p(g) = 6721*g - 3832. What are the prime factors of p(7)?
3, 5, 43, 67
Let n(p) = 21876*p - 1591. List the prime factors of n(4).
53, 1621
Let q(x) = -108*x**3 - x**2 - 7. Let y be q(-2). Let k = y - 476. List the prime factors of k.
13, 29
Let p(r) = 4*r - 24. Let g be p(6). Suppose -3*m = -87 - g. Suppose -5*d + 4*w + 392 = 0, -d + m = -4*w - 43. What are the prime factors of d?
2, 5
Let c(z) = -28*z + 14. Let v be c(-7). Suppose 10*p - v = 5*p. List the prime factors of 6/(-9)*-2*p.
2, 7
Let t = -418 - -242. Let z = -140 - t. What are the prime factors of z?
2, 3
Let x(g) = 164 + 33*g + 26*g + 37 - 15*g - 6*g. What are the prime factors of x(36)?
3, 523
Suppose -680 = -36*k + 34*k. Suppose 114*f - 119*f = -k. List the prime factors of f.
2, 17
Suppose 5*z + 161 = 4*p, 59 = p + 3*z - 8*z. Suppose 0*h - 3*h + 2*g + 157 = 0, -3*g = h - 56. Let l = h + p. List the prime factors of l.
3, 29
Suppose -56*u - 220170 = -86*u. List the prime factors of u.
41, 179
Let l(z) = -z**3 + 5*z**2 + 3*z + 3. Let f be l(4). Suppose -36*u = -f*u. Suppose 4*o - x - 79 = 81, -2*o + x + 80 = u. List the prime factors of o.
2, 5
Suppose 4385110 = 96*p + 53*p - 3*p. What are the prime factors of p?
5, 6007
Suppose -124 = o - 127. Suppose -3*i + 2177 = 4*r - 528, o*r + 2691 = 3*i. What are the prime factors of i?
29, 31
Let s = 34 + 94. Let d = s + 38. What are the prime factors of d?
2, 83
Suppose 1584681 - 425985 = 88*m. List the prime factors of m.
3, 7, 11, 19
Let d(n) = 7*n**2 + 106*n - 2350. What are the prime factors of d(-71)?
25411
Let a = 11 + -8. Let v(x) = x + 12. Let q be v(-9). Suppose 0 = -5*b + a*n + 1156, -q*b - 2*n = -6*b + 693. List the prime factors of b.
233
Let x(c) = -1. Let n(d) = 42*d + 40. Let o(i) = -n(i) - 12*x(i). Let u be o(-10). Suppose -5*q + u = -3*q. List the prime factors of q.
2, 7
Let x = 210 - 126. Let v = x - 33. What are the prime factors of v?
3, 17
Let x = 45 + -30. Let n = -6 + x. Suppose n*z + 16 = 223. What are the prime factors of z?
23
Let w(t) = -32*t + 5. Let v be w(0). Let r(j) be the first derivative of 5*j**3/3 + 6*j - 6. List the prime factors of r(v).
131
Let y(w) = 4*w**2 - 1 + 5*w**2 - 7 + w**3. Let s be (77/33)/(4/(-12)). List the prime factors of y(s).
2, 3, 5
Let i(d) = -2764532 + 19*d + 2764526 - 4*d. Suppose -2*l = -5*l + 42. What are the prime factors of i(l)?
2, 3, 17
Suppose -3*y = -z + 5769, 0 = -6*z + 3*y - 1117 + 35776. Suppose 35*o - 19947 - z = 0. List the prime factors of o.
3, 5, 7
Suppose 0 = -507*h + 439*h + 674424. What are the prime factors of h?
2, 3, 19, 29
Let m(c) = c**2 - 14*c - 87. Let p be m(-11). Suppose 0 = -y + 487 + p. What are the prime factors of y?
3, 5
Let c(t) = -t**3 + t**2 + t - 1. Let m(r) = 12*r**2 + 5*r - 10. Let o(j) = -4*c(j) - m(j). List the prime factors of o(6).
2, 31
Let t = 1 + -3. Let k = 258 - 258. List the prime factors of 2 + (t - k) + 92/1.
2, 23
Suppose 38 = 36*u - 5*u - 86. Let r(k) = 12 + 6*k + 16*k - k. List the prime factors of r(u).
2, 3
Let g(h) = h + 5. Let s = 12 - 1. Let u be g(s). Suppose -q - u = -56. What are the prime factors of q?
2, 5
Let g = 5 - 5. List the prime factors of 783 - (g - (-12)/2).
3, 7, 37
Let p(n) = -5*n - 27. Suppose 5*g = -2*b + 5, 5*b + 0*b = 25. Let v(k) = k + 1. Let c(o) = g*p(o) - v(o). What are the prime factors of c(13)?
2, 3, 13
Let o = 69 + -67. Suppose o*w - 195 - 285 = 0. Suppose 0 = -4*l - 48 + w. List the prime factors of l.
2, 3
Let k(z) = z**2 + z - 2. Let v be k(2). Let h(u) = u**3 - u**2 - 7*u + 12. Let f be h(2). List the prime factors of (-2 + (-443)/f)*v/(-6).
149
Let y be (1 - (-17)/(-5))/(44/57750). Let l = -2115 - y. What are the prime factors of l?
3, 5, 23
List the prime factors of ((-306)/(-24))/(27/25092).
17, 41
Suppose 2*y = -5*m + 8316, -500 = -m + 2*y + 1156. Suppose -j + m + 1868 = 5*v, 3*j + 3530 = 5*v. List the prime factors of v.
2, 353
Let f(c) = -12 + 65*c**2 - 3*c + 0*c + 18 - 7. Let h be f(-2). Suppose -h = -4*d + 3*v, -3*d = d + v - 285. What are the prime factors of d?
2, 5, 7
Suppose -206*j - 18197 = -237*j. What are the prime factors of j?
587
Let f(m) = -82*m - 104. Let t be f(-12). Suppose -3*n - w + 904 = -n, -2*n + 5*w = -t. List the prime factors of n.
2, 3, 5
Let y = 4658 + -2276. Suppose f - 1780 = -3*p, -3*p + y - 592 = -4*f. What are the prime factors of p?
2, 3, 11
Let r = 131 + -126. Suppose -r*z - 84 = -3*c, c - 3*z - 10 - 14 = 0. List the prime factors of c.
3, 11
Let b(q) = q**2 + 2*q - 6. Suppose -o + 13 = 5*w, -4*w = 4*o - 2 - 2. Let z be b(w). List the prime factors of (3 - z)/((-6)/39 + 0).
3, 13
Let f(o) = o**3 - 6*o**2 - 7*o + 20. Let v be f(7). Suppose v*s - 16*s - 696 = 0. List the prime factors of s.
2, 3, 29
Let v = -79417 + 141824. What are the prime factors of v?
17, 3671
Let i = -17 - -23. Let s be -8*((-3)/18 + (-2)/i). Suppose 0 = -2*p - 3*m + 100 + 207, -p + s*m = -137. List the prime factors of p.
149
Let l = -33 + 43. Suppose -l*m + 6*m = -3008. Suppose -6*f + m = 2*f. What are the prime factors of f?
2, 47
Suppose 0 = -4*y - 180 - 72. Let d = -61 - y. What are the prime factors of -5 + 29*(5 + d)?
2, 3, 11
Suppose 13*j - 5037 - 4947 = 0. What are the prime factors of j?
2, 3
Let z(u) = 8*u - 15. Let q(j) = -2*j + 5. Let o be q(3). Let w(c) = -c. Let t(i) = o*z(i) - 6*w(i). List the prime factors of t(5).
5
Let j(k) = 4*k**2 - 3*k. Let f be j(2). Suppose g = f*g - 1602. Suppose a + 3*i - g = i, -356 = -2*a - 3*i. List the prime factors of a.
2, 89
Let o(r) = -42*r - 36. Let z(t) = -t**2 + 6*t - 2. Let k be z(6). List the prime factors of o(k).
2, 3
Let j(q) = q**3 + 37*q**2 + 50*q - 3. List the prime factors of j(-25).
6247
Let g(l) = 4*l**3 - 74*l**2 + 26*l - 25. List the prime factors of g(20).
3, 5, 193
Let j be (1/(-3))/((-80)/75 + 1). Suppose 7*l = 8*l - j. Suppose -i = 5*y - 104, -3*y + 2*y - 572 = -l*i. What are the prime factors of i?
2, 3, 19
Suppose -42*l + 38*l - 2*b + 34480 = 0, -3*l = -2*b - 25860. What are the prime factors of l?
2, 5, 431
Suppose -5*q + 30 = 2*m - 3*m, -20 = -4*m. Suppose -10*s + q*s + 612 = 0. What are the prime factors of (2/4)/(3/s*2)?
17
Let f(x) = 135*x**3 - 67*x**2 + 267*x - 7. List the prime factors of f(4).
8629
Let f(n) be the third derivative of 0*n + 83/40*n**6 + 1/60*n**5 + 0 + 18*n**2 - 1/3*n**3 + 1/12*n**4. What are the prime factors of f(1)?
2, 5
Let n(x) = x**3 - 23*x**2 - 52*x + 46. Let r be n(25). Let u(c) = 95*c**2 + 10*c + 5. What are the prime factors of u(r)?
3, 5, 11
Suppose 10*n - 63778 = -13*n + 32408. What are the prime factors of n?
2, 3, 17, 41
Let w be 4 + 3*2*-4. Let g = w - -27. Let t(r) = r**2 - 7. List the prime factors of t(g).
2, 3, 7
Let j(h) be the first derivative of -h**3 + 8*h**2 - h + 14. Let n be j(5). Suppose -n*v = -5*v + 108. List the prime factors of v.
2, 3
Suppose -5*s - 2 = -4*r, 2*s = -5*r - 1 + 20. What are the prime factors of 215 - (s/(-8) + 171/76)?
3, 71
Let p(b) = b**3 + b**2 - b + 1. Let q(o) = 5*o 